alculate the highest common factor of 14 and g.
7
Let p(x) = 2*x**2 - 3*x - 2. Let s be p(3). Let c = 11 - s. Suppose 141 = c*v - 131. Calculate the greatest common divisor of 17 and v.
17
Let l be (-1837)/(-55) - 4/10. Calculate the greatest common divisor of 6 and l.
3
Let h(m) = m**2 - 4*m - 13. Let r be h(11). Let y(j) = -j + 15. Let w be 6/(-2)*91/(-39). Let c be y(w). What is the greatest common divisor of c and r?
8
Let r(a) = -a + 2. Let k(z) = -1. Let b(g) = 5*k(g) + r(g). Let t be b(-6). Let d be 53*(-4 + 5) + t. What is the greatest common factor of d and 14?
14
Let x(c) = 2*c**2 - 9*c - 9. Suppose 0*s = 5*s + 40. Let p(j) = j**2 + 8*j + 7. Let d be p(s). Let m be x(d). What is the highest common divisor of 208 and m?
26
Suppose 3*c - 156 = -3*n, 7*n - 2 = 5*n. Calculate the highest common divisor of c and 221.
17
Let v be (-12)/2 - 2400/(-40). Calculate the highest common divisor of 270 and v.
54
Let f(q) = 32*q + 252. Let r be f(44). Calculate the greatest common factor of 20 and r.
20
Let r be (60 - (2 - 5)) + -2. Let b = r - 25. Calculate the highest common divisor of 90 and b.
18
Let x be (-19)/(-3) + -6 + (-51)/(-9). What is the highest common divisor of x and 18?
6
Let f be 24/(-10)*(-14 - 161). Calculate the highest common factor of f and 21.
21
Let i(k) = -k**3 + 24*k**2 - 22*k - 20. Let v be i(23). Let o be ((-4)/2)/(v/(-90)). Calculate the highest common factor of 12 and o.
12
Let h(v) = -v**2 - 19*v - 16. Let l be h(-18). Let f be (-5)/((3 - 5)/l). Calculate the greatest common factor of 15 and f.
5
Let p be (16648/(-5))/(-2) - (-84)/420. What is the highest common divisor of 18 and p?
9
Let x = -760 + 794. Calculate the greatest common divisor of 136 and x.
34
Let x(n) = -n**2 - 19*n - 16. Let z be x(-9). Let m = -25 + -21. Let v = -9 - m. Calculate the greatest common divisor of v and z.
37
Let p(r) = -8*r - 1. Let t be p(-1). Suppose -843*y + 845*y = 98. What is the highest common factor of t and y?
7
Let x = -1353 - -1421. Calculate the highest common divisor of x and 68.
68
Suppose 4*x - 5*n - 655 = 0, 7*n = x + 2*n - 175. Let q = -58 + 75. Let u be 0 - (q - 1)/((-5)/20). What is the highest common factor of u and x?
32
Suppose -2*d + 3 = 11, -4*d - 6 = y. Calculate the highest common divisor of 55 and y.
5
Suppose -6 - 12 = -4*a - q, 5*a = -2*q + 21. Suppose -a*y - 5*n = -100, 0*n + n = -3*y + 60. What is the greatest common factor of y and 40?
20
Let d = 378 - -22. Let p = d + -224. Let q = -20 + 36. What is the greatest common factor of p and q?
16
Let f be 2/11 - 1176/(-66). Calculate the highest common factor of f and 4.
2
Let y be (-34364)/(-55) + 4/(-5). Calculate the greatest common divisor of y and 13.
13
Let u = -431 + 488. What is the highest common divisor of u and 323?
19
Suppose -4*g + 154 = -54. What is the highest common factor of 130 and g?
26
Let n = -52 - -78. Let i = 88 - -94. Calculate the greatest common divisor of i and n.
26
Let h be 58/10 + (-3)/(-15). Let y = h + 0. Let p(g) = g - 1. Let t be p(y). What is the highest common divisor of 10 and t?
5
Suppose -23*y = -11*y - 11856. What is the greatest common divisor of 76 and y?
76
Suppose 0 = -3*x + 3 + 9. Suppose 0 = -0*o + x*o - 264. Suppose -30 - o = -4*j. What is the highest common divisor of j and 60?
12
Let p = 2 - 0. Suppose 0 = p*k - 1240 - 212. Suppose 9*a - 12*a = -k. Calculate the highest common factor of a and 22.
22
Let b(v) = v**3 + 8*v**2 + 6*v - 5. Let t be b(-7). Suppose -2*u + 30 = -0*u + 2*o, -o - 30 = -t*u. Calculate the greatest common factor of u and 120.
15
Suppose 0 = -3*x - 16 + 136. What is the greatest common divisor of x and 8?
8
Let t = 0 - 0. Suppose 0 = 3*b + 3*y + 15, 5*b - 3*y - 3 - 4 = t. Let n be b*4 + -9 + 21. What is the highest common factor of 24 and n?
8
Suppose 5*o + 14 = 2*q + 59, 4 = -o + 3*q. Suppose 0 = 6*m - 5*m - 5*k + o, -3*k = 2*m - 17. What is the greatest common divisor of m and 36?
4
Let r(g) = -12*g**2 - 6*g**2 + 5 - 4*g + 24*g**2 - g**3. Let s be r(5). What is the highest common factor of 15 and s?
5
Suppose -3*k + 6 = -k. Suppose -121 = -k*d + 44. Suppose j - 6*j = -55. Calculate the highest common divisor of d and j.
11
Suppose 0 = 11*i - 820 - 280. What is the greatest common factor of i and 220?
20
Suppose 2*l + d - 6 = 6, 5*l - d = 23. Suppose 3*m - 81 = l*y, -m + 0 + 19 = y. What is the greatest common divisor of m and 55?
11
Let l be 8*((-215)/40 - -6). Let d = -23 - -66. Suppose 2*o + y - d = -2*o, l*o - y - 47 = 0. What is the highest common divisor of 40 and o?
10
Suppose 4*n + n - 2080 = 0. Let v = -281 + n. Calculate the highest common factor of 54 and v.
27
Let c be -5 + (-105)/12*-4. Suppose 5*i - i - 300 = 0. Calculate the greatest common divisor of c and i.
15
Suppose -6*o + 53 = -1. Calculate the greatest common factor of o and 639.
9
Let t = -40 - -40. Let f(w) = -5*w + 22. Let j be f(t). Calculate the highest common factor of 2 and j.
2
Let d be (-206)/(-4) - 7/14. What is the greatest common divisor of d and 51?
51
Suppose -718 = -5*t + h, 13*h - 14*h + 578 = 4*t. What is the greatest common divisor of 384 and t?
48
Let a = 708 + -702. Calculate the greatest common factor of 246 and a.
6
Let v = 161 - 158. Suppose 208 = 3*c + 2*m, -m = v*c - 6*m - 236. Calculate the highest common factor of c and 54.
18
Let q(n) = 29*n - 9. Let l(o) = -59*o + 17. Let k(m) = 3*l(m) + 5*q(m). Let h be k(-2). What is the highest common factor of h and 105?
35
Let i(u) = -u**2 - 8*u + 1. Let f be i(-8). Let t(g) = -g**3 + 13*g**2 + g - 8. Let c be t(13). Calculate the greatest common divisor of f and c.
1
Suppose 4*x = q - 26, -4*x + 40 = 5*q - 18. What is the highest common divisor of q and 658?
14
Suppose 14*v + 825 = 19*v. Let f = v - 88. Let l(i) = i**3 + 9*i**2 - i - 2. Let p be l(-9). Calculate the highest common factor of f and p.
7
Let z be ((-406)/6)/(167/(-501)). Calculate the highest common factor of 35 and z.
7
Let q(m) = -14*m - 100. Let s be q(-11). Calculate the highest common factor of 12 and s.
6
Let k = 1127 + -1064. Calculate the highest common divisor of 54 and k.
9
Let r = 37 - 23. Let t = 33 - 19. Calculate the greatest common divisor of t and r.
14
Let x(i) = 3*i**3 - 6*i**2 - 7*i + 16. Let n be x(4). Let p(d) = 41*d + 1. Let b be p(1). Calculate the greatest common factor of n and b.
42
Suppose -x = -2*x - 2*m + 38, 0 = x - 4*m - 20. Let g = 66 - -30. Calculate the highest common divisor of x and g.
32
Let d = 1340 + -922. What is the highest common divisor of 57 and d?
19
Suppose -72 = 2*m + m. Let f = m + 27. Suppose -2*z = -f*b - 5*z - 6, -b + 10 = -2*z. Calculate the highest common divisor of 4 and b.
2
Let y(f) = -17*f + 243. Let t be y(11). Calculate the highest common divisor of 49 and t.
7
Suppose 231 = 3*o - 0*o. Suppose 5*k + 14 = -3*u + 41, k + u - 7 = 0. Suppose -5*t + k = -o. Calculate the greatest common factor of t and 128.
16
Suppose -9*k - 1620 = -13*k. Suppose -k = -3*f - 3*v, f - 5*f - 3*v = -535. Suppose -5*x + 35 = -f. Calculate the highest common divisor of x and 22.
11
Let j be ((-9)/6)/((-39)/4862). Calculate the greatest common factor of 102 and j.
17
Let y(g) = 3*g - 13. Let k(u) = u - 1. Let o(n) = -6*k(n) + y(n). Let d be o(-10). Let w be d/(-2)*(-9 + -9). Calculate the greatest common factor of w and 23.
23
Let o = -15 + 65. Let p = -1 + 3. Suppose 0 = -0*d - p*d + 150. Calculate the greatest common factor of o and d.
25
Let u(p) = -p**3 + 27*p**2 + 9*p - 84. Let d be u(27). Calculate the highest common divisor of d and 212.
53
Suppose 8*t = 12*t - 20. Suppose x + 9 = t. Let c be x/(4/(-7)) - -3. Calculate the greatest common divisor of c and 90.
10
Suppose 7*x - 30*x = -161. What is the highest common factor of x and 5?
1
Let t(u) = u**3 - 13*u + 30. Let d be t(0). Calculate the greatest common divisor of d and 85.
5
Suppose -2*h + 23*h - 42 = 0. Suppose -2*d = h*a + 2 - 26, 4*a - 2*d - 24 = 0. What is the highest common divisor of 152 and a?
8
Let u = -51 - -55. Let o be -1 + u + -5 - -155. Suppose 0 = -2*l + 4 + 30. What is the greatest common divisor of l and o?
17
Suppose 3*a = -4*a + 1260. Calculate the highest common divisor of a and 54.
18
Let u be 11/1 - (-4 - -11). Calculate the greatest common factor of u and 188.
4
Let y 